{"id":5608,"date":"2021-01-07T15:37:52","date_gmt":"2021-01-07T14:37:52","guid":{"rendered":"https:\/\/josipdol.lucius.agency\/?page_id=5608"},"modified":"2021-09-14T09:36:47","modified_gmt":"2021-09-14T08:36:47","slug":"savjetovanje","status":"publish","type":"page","link":"https:\/\/josipdol.hr\/stara\/informacije-i-usluge\/info\/savjetovanje\/","title":{"rendered":"Savjetovanje s javno\u0161\u0107u"},"content":{"rendered":"\t\t<div data-elementor-type=\"wp-page\" data-elementor-id=\"5608\" class=\"elementor elementor-5608\" data-elementor-settings=\"[]\">\n\t\t\t\t\t\t<div class=\"elementor-inner\">\n\t\t\t\t\t\t\t<div class=\"elementor-section-wrap\">\n\t\t\t\t\t\t\t<section class=\"elementor-section elementor-top-section elementor-element elementor-element-3e771da elementor-section-boxed elementor-section-height-default elementor-section-height-default\" data-id=\"3e771da\" data-element_type=\"section\">\n\t\t\t\t\t\t<div class=\"elementor-container elementor-column-gap-default\">\n\t\t\t\t\t\t\t<div class=\"elementor-row\">\n\t\t\t\t\t<div class=\"elementor-column elementor-col-100 elementor-top-column elementor-element elementor-element-e9517f9\" data-id=\"e9517f9\" data-element_type=\"column\">\n\t\t\t<div class=\"elementor-column-wrap elementor-element-populated\">\n\t\t\t\t\t\t\t<div class=\"elementor-widget-wrap\">\n\t\t\t\t\t\t<div class=\"elementor-element elementor-element-00b452f elementor-widget elementor-widget-ova_heading\" data-id=\"00b452f\" data-element_type=\"widget\" data-widget_type=\"ova_heading.default\">\n\t\t\t\t<div class=\"elementor-widget-container\">\n\t\t\t\t\t<div class=\"ova-heading\">\n\t\t\t\n\t\t\t\t\t\t\t<h3 class=\"title second_font\">Savjetovanje s javno\u0161\u0107u<\/h3>\n\t\t\t\n\t\t\t\n\t\t<\/div>\n\t\t\t\t<\/div>\n\t\t\t\t<\/div>\n\t\t\t\t\t\t<\/div>\n\t\t\t\t\t<\/div>\n\t\t<\/div>\n\t\t\t\t\t\t\t\t<\/div>\n\t\t\t\t\t<\/div>\n\t\t<\/section>\n\t\t\t\t<section class=\"elementor-section elementor-top-section elementor-element elementor-element-1c25db3 elementor-section-boxed elementor-section-height-default elementor-section-height-default\" data-id=\"1c25db3\" data-element_type=\"section\">\n\t\t\t\t\t\t<div class=\"elementor-container elementor-column-gap-default\">\n\t\t\t\t\t\t\t<div class=\"elementor-row\">\n\t\t\t\t\t<div class=\"elementor-column elementor-col-50 elementor-top-column elementor-element elementor-element-d5336f9\" data-id=\"d5336f9\" data-element_type=\"column\">\n\t\t\t<div class=\"elementor-column-wrap elementor-element-populated\">\n\t\t\t\t\t\t\t<div class=\"elementor-widget-wrap\">\n\t\t\t\t\t\t<div class=\"elementor-element elementor-element-e5f38d7 elementor-widget elementor-widget-text-editor\" data-id=\"e5f38d7\" data-element_type=\"widget\" data-widget_type=\"text-editor.default\">\n\t\t\t\t<div class=\"elementor-widget-container\">\n\t\t\t\t\t\t\t\t<div class=\"elementor-text-editor elementor-clearfix\">\n\t\t\t\t<p style=\"text-align: left;\">Savjetovanje s javno\u0161\u0107u koje provode tijela dr\u017eavne uprave, druga dr\u017eavna tijela, jedinice lokalne i podru\u010dne (regionalne) samouprave te pravne osobe s javnim ovlastima ure\u0111eno je Zakonom o pravu na pristup informacijama (\u201cNarodne novine\u201d broj 25\/13, 85\/15).\u00a0<br \/><span style=\"letter-spacing: 0px;\"><br \/>Savjetovanje s javno\u0161\u0107u provodi se preko internetske stranice Op\u0107ine Josipdol prilikom dono\u0161enja op\u0107ih akata odnosno drugih strate\u0161kih ili planskih dokumenta Op\u0107ine Josipdol kad se njima utje\u010de na interese gra\u0111ana i pravnih osoba.<\/span><\/p>\t\t\t\t\t<\/div>\n\t\t\t\t\t\t<\/div>\n\t\t\t\t<\/div>\n\t\t\t\t\t\t<\/div>\n\t\t\t\t\t<\/div>\n\t\t<\/div>\n\t\t\t\t<div class=\"elementor-column elementor-col-50 elementor-top-column elementor-element elementor-element-a9e319f\" data-id=\"a9e319f\" data-element_type=\"column\">\n\t\t\t<div class=\"elementor-column-wrap elementor-element-populated\">\n\t\t\t\t\t\t\t<div class=\"elementor-widget-wrap\">\n\t\t\t\t\t\t<div class=\"elementor-element elementor-element-7b4dc7f elementor-widget elementor-widget-ova_doc\" data-id=\"7b4dc7f\" data-element_type=\"widget\" data-widget_type=\"ova_doc.default\">\n\t\t\t\t<div class=\"elementor-widget-container\">\n\t\t\t<div class=\"ova-document-list\">\n\t<div class=\"icon-doc\">\n\t\t<i class=\"flaticon-google-docs\"><\/i>\n\t<\/div>\n\t<div class=\"list-doc\">\n\t\t\t\t\t<div class=\"item\">\n\t\t\t\t\t\t\t\t<h3 class=\"title\">\n\t\t\t\t\t<a href=\"https:\/\/josipdol.hr\/stara\/ova_doc\/prijedlog-godisnjeg-provedbenog-plana-unapredenja-zastite-od-pozara-opcine-josipdol-za-2026-godinu\/\">\n\t\t\t\t\t\tPRIJEDLOG  Godi\u0161njeg provedbenog plana unapre\u0111enja za\u0161tite od po\u017eara Op\u0107ine Josipdol za 2026. godinu\t\t\t\t\t<\/a>\n\t\t\t\t<\/h3>\n\t\t\t\t\t\t\t\t\n\t\t\t<\/div>\n\n\t\t\t\t\t<div class=\"item\">\n\t\t\t\t\t\t\t\t<h3 class=\"title\">\n\t\t\t\t\t<a href=\"https:\/\/josipdol.hr\/stara\/ova_doc\/savjetovanje-s-javnoscu-smjernice-za-organizaciju-i-razvoj-sustava-civilne-zastite-opcine-josipdol-za-razdoblje-od-2026-do-2029-godine\/\">\n\t\t\t\t\t\tSavjetovanje s javno\u0161\u0107u &#8211; Smjernice za organizaciju i razvoj sustava civilne za\u0161tite Op\u0107ine Josipdol za razdoblje od 2026. do 2029. godine\t\t\t\t\t<\/a>\n\t\t\t\t<\/h3>\n\t\t\t\t\t\t\t\t\n\t\t\t<\/div>\n\n\t\t\t\t\t<div class=\"item\">\n\t\t\t\t\t\t\t\t<h3 class=\"title\">\n\t\t\t\t\t<a href=\"https:\/\/josipdol.hr\/stara\/ova_doc\/savjetovanje-s-javnoscu-odluka-o-nacinu-pruzanja-javne-usluge-sakupljanja-komunalnog-otpada-na-podrucju-opcine-josipdol\/\">\n\t\t\t\t\t\tSavjetovanje s javno\u0161\u0107u &#8211; Odluka o na\u010dinu pru\u017eanja javne usluge sakupljanja komunalnog otpada na podru\u010dju Op\u0107ine Josipdol\t\t\t\t\t<\/a>\n\t\t\t\t<\/h3>\n\t\t\t\t\t\t\t\t\n\t\t\t<\/div>\n\n\t\t\t\t\t<div class=\"item\">\n\t\t\t\t\t\t\t\t<h3 class=\"title\">\n\t\t\t\t\t<a href=\"https:\/\/josipdol.hr\/stara\/ova_doc\/javno-savjetovanje-odluka-o-rasporedivanju-sredstava-za-financiranje-politickih-stranaka-zastupljenih-u-opcinskom-vijecu-opcine-josipdol-za-2025-godinu-3\/\">\n\t\t\t\t\t\tJavno savjetovanje Odluka o raspore\u0111ivanju sredstava za financiranje politi\u010dkih stranaka zastupljenih u Op\u0107inskom vije\u0107u Op\u0107ine Josipdol za 2025. godinu\t\t\t\t\t<\/a>\n\t\t\t\t<\/h3>\n\t\t\t\t\t\t\t\t\n\t\t\t<\/div>\n\n\t\t\t\t\t<div class=\"item\">\n\t\t\t\t\t\t\t\t<h3 class=\"title\">\n\t\t\t\t\t<a href=\"https:\/\/josipdol.hr\/stara\/ova_doc\/javno-savjetovanje-program-potpore-poljoprivredi-na-podrucju-opcine-josipdol-za-2025-godinu-2\/\">\n\t\t\t\t\t\tJavno savjetovanje Program potpore poljoprivredi na podru\u010dju op\u0107ine Josipdol za 2025. godinu\t\t\t\t\t<\/a>\n\t\t\t\t<\/h3>\n\t\t\t\t\t\t\t\t\n\t\t\t<\/div>\n\n\t\t\t\t\t<div class=\"item\">\n\t\t\t\t\t\t\t\t<h3 class=\"title\">\n\t\t\t\t\t<a href=\"https:\/\/josipdol.hr\/stara\/ova_doc\/javno-savjetovanje-prijedlog-odluke-o-izmjenama-i-dopunama-proracuna-opcine-josipdol-za-2025-godinu-s-projekcijama-za-2026-i-2027-godinu\/\">\n\t\t\t\t\t\tJavno savjetovanje Prijedlog Odluke o izmjenama i dopunama Prora\u010duna Op\u0107ine Josipdol za 2025. godinu s projekcijama za 2026. i 2027. godinu\t\t\t\t\t<\/a>\n\t\t\t\t<\/h3>\n\t\t\t\t\t\t\t\t\n\t\t\t<\/div>\n\n\t\t\t\t\t<div class=\"item\">\n\t\t\t\t\t\t\t\t<h3 class=\"title\">\n\t\t\t\t\t<a href=\"https:\/\/josipdol.hr\/stara\/ova_doc\/javno-savjetovanje-odluka-o-izmjenama-odluke-o-rasporedivanju-sredstava-za-financiranje-politickih-stranaka-zastupljenih-u-opcinskom-vijecu-opcine-josipdol-za-2026-godinu\/\">\n\t\t\t\t\t\tJavno savjetovanje Odluka o izmjenama Odluke o raspore\u0111ivanju sredstava za financiranje politi\u010dkih stranaka zastupljenih u Op\u0107inskom vije\u0107u Op\u0107ine Josipdol za 2026. godinu\t\t\t\t\t<\/a>\n\t\t\t\t<\/h3>\n\t\t\t\t\t\t\t\t\n\t\t\t<\/div>\n\n\t\t\t\t\t<div class=\"item\">\n\t\t\t\t\t\t\t\t<h3 class=\"title\">\n\t\t\t\t\t<a href=\"https:\/\/josipdol.hr\/stara\/ova_doc\/javno-savjetovanje-godisnji-plan-upravljanja-i-raspolaganja-imovinom-u-vlasnistvu-opcine-josipdol-za-2025-godinu\/\">\n\t\t\t\t\t\tJavno savjetovanje Godi\u0161nji plan upravljanja i raspolaganja imovinom u vlasni\u0161tvu Op\u0107ine Josipdol za 2025. godinu\t\t\t\t\t<\/a>\n\t\t\t\t<\/h3>\n\t\t\t\t\t\t\t\t\n\t\t\t<\/div>\n\n\t\t\t\t\t<div class=\"item\">\n\t\t\t\t\t\t\t\t<h3 class=\"title\">\n\t\t\t\t\t<a href=\"https:\/\/josipdol.hr\/stara\/ova_doc\/javno-savjetovanje-strategija-upravljanja-i-raspolaganja-imovinom-u-vlasnistvu-opcine-josipdol-za-razdoblje-2025-2030-godine\/\">\n\t\t\t\t\t\tJavno savjetovanje Strategija upravljanja i raspolaganja imovinom u vlasni\u0161tvu Op\u0107ine Josipdol za razdoblje 2025.-2030. godine\t\t\t\t\t<\/a>\n\t\t\t\t<\/h3>\n\t\t\t\t\t\t\t\t\n\t\t\t<\/div>\n\n\t\t\t\t\t<div class=\"item\">\n\t\t\t\t\t\t\t\t<h3 class=\"title\">\n\t\t\t\t\t<a href=\"https:\/\/josipdol.hr\/stara\/ova_doc\/javno-savjetovanje-program-o-izmjenama-programa-odrzavanja-komunalne-infrastrukture-u-2025-godini-2\/\">\n\t\t\t\t\t\tJavno savjetovanje Program o izmjenama Programa odr\u017eavanja komunalne infrastrukture u 2025. godini\t\t\t\t\t<\/a>\n\t\t\t\t<\/h3>\n\t\t\t\t\t\t\t\t\n\t\t\t<\/div>\n\n\t\t\n\t\t\n\t<\/div>\n<\/div>\t\t<\/div>\n\t\t\t\t<\/div>\n\t\t\t\t<div class=\"elementor-element elementor-element-5083a99 elementor-button-danger elementor-align-center elementor-widget elementor-widget-button\" data-id=\"5083a99\" data-element_type=\"widget\" data-widget_type=\"button.default\">\n\t\t\t\t<div class=\"elementor-widget-container\">\n\t\t\t\t\t<div class=\"elementor-button-wrapper\">\n\t\t\t<a href=\"https:\/\/josipdol.hr\/cat_doc\/savjetovanje\/\" class=\"elementor-button-link elementor-button elementor-size-sm\" role=\"button\">\n\t\t\t\t\t\t<span class=\"elementor-button-content-wrapper\">\n\t\t\t\t\t\t<span class=\"elementor-button-text\">Pregled svih dokumenata...<\/span>\n\t\t<\/span>\n\t\t\t\t\t<\/a>\n\t\t<\/div>\n\t\t\t\t<\/div>\n\t\t\t\t<\/div>\n\t\t\t\t\t\t<\/div>\n\t\t\t\t\t<\/div>\n\t\t<\/div>\n\t\t\t\t\t\t\t\t<\/div>\n\t\t\t\t\t<\/div>\n\t\t<\/section>\n\t\t\t\t<section class=\"elementor-section elementor-top-section elementor-element elementor-element-9fd6671 elementor-section-content-middle elementor-section-boxed elementor-section-height-default elementor-section-height-default\" data-id=\"9fd6671\" data-element_type=\"section\">\n\t\t\t\t\t\t<div class=\"elementor-container elementor-column-gap-default\">\n\t\t\t\t\t\t\t<div class=\"elementor-row\">\n\t\t\t\t\t<div class=\"elementor-column elementor-col-33 elementor-top-column elementor-element elementor-element-587ad86\" data-id=\"587ad86\" data-element_type=\"column\">\n\t\t\t<div class=\"elementor-column-wrap elementor-element-populated\">\n\t\t\t\t\t\t\t<div class=\"elementor-widget-wrap\">\n\t\t\t\t\t\t<div class=\"elementor-element elementor-element-bbe984f elementor-widget elementor-widget-ova_mission\" data-id=\"bbe984f\" data-element_type=\"widget\" data-widget_type=\"ova_mission.default\">\n\t\t\t\t<div class=\"elementor-widget-container\">\n\t\t\t\n\t\t<div class=\"ova_mission\">\n\t\t\t<div class=\"items\">\n\t\t\t\t\t\t\t\t\n\t\t\t\t<div class=\"content\">\n\t\t\t\t\t\t\t\t\t\t\t<h3 class=\"title\">\n\t\t\t\t\t\t\t<a class=\"second_font\" href=\"https:\/\/josipdol.hr\/informacije-i-usluge\/info\/pristup-informacijama\/\">\n\t\t\t\t\t\t\t\tPravo na pristup informacijama\t\t\t\t\t\t\t<\/a>\n\t\t\t\t\t\t<\/h3>\n\t\t\t\t\t\t\t\t\t\t\t\t\t\t\t\n\t\t\t\t\t\t\t\t\t\t<a href=\"https:\/\/josipdol.hr\/informacije-i-usluge\/info\/pristup-informacijama\/\" class=\"second_font readmore\">\n\t\t\t\t\t\tVi\u0161e....\t\t\t\t\t\t<i data-feather=\"arrow-right\"><\/i>\n\t\t\t\t\t<\/a>\n\t\t\t\t\t\t\t\t\t<\/div>\n\n\t\t\t<\/div>\n\t\t<\/div>\n\t\t\n\n\t\t\t\t<\/div>\n\t\t\t\t<\/div>\n\t\t\t\t\t\t<\/div>\n\t\t\t\t\t<\/div>\n\t\t<\/div>\n\t\t\t\t<div class=\"elementor-column elementor-col-33 elementor-top-column elementor-element elementor-element-6079310\" data-id=\"6079310\" data-element_type=\"column\">\n\t\t\t<div class=\"elementor-column-wrap elementor-element-populated\">\n\t\t\t\t\t\t\t<div class=\"elementor-widget-wrap\">\n\t\t\t\t\t\t<div class=\"elementor-element elementor-element-27b4f1f elementor-widget elementor-widget-ova_mission\" data-id=\"27b4f1f\" data-element_type=\"widget\" data-widget_type=\"ova_mission.default\">\n\t\t\t\t<div class=\"elementor-widget-container\">\n\t\t\t\n\t\t<div class=\"ova_mission\">\n\t\t\t<div class=\"items\">\n\t\t\t\t\t\t\t\t\n\t\t\t\t<div class=\"content\">\n\t\t\t\t\t\t\t\t\t\t\t<h3 class=\"title\">\n\t\t\t\t\t\t\t<a class=\"second_font\" href=\"https:\/\/josipdol.hr\/informacije-i-usluge\/info\/zop\/\">\n\t\t\t\t\t\t\t\tZa\u0161tita osobnih podataka\t\t\t\t\t\t\t<\/a>\n\t\t\t\t\t\t<\/h3>\n\t\t\t\t\t\t\t\t\t\t\t\t\t\t\t\n\t\t\t\t\t\t\t\t\t\t<a href=\"https:\/\/josipdol.hr\/informacije-i-usluge\/info\/zop\/\" class=\"second_font readmore\">\n\t\t\t\t\t\tVi\u0161e....\t\t\t\t\t\t<i data-feather=\"arrow-right\"><\/i>\n\t\t\t\t\t<\/a>\n\t\t\t\t\t\t\t\t\t<\/div>\n\n\t\t\t<\/div>\n\t\t<\/div>\n\t\t\n\n\t\t\t\t<\/div>\n\t\t\t\t<\/div>\n\t\t\t\t\t\t<\/div>\n\t\t\t\t\t<\/div>\n\t\t<\/div>\n\t\t\t\t<div class=\"elementor-column elementor-col-33 elementor-top-column elementor-element elementor-element-10600ca\" data-id=\"10600ca\" data-element_type=\"column\">\n\t\t\t<div class=\"elementor-column-wrap elementor-element-populated\">\n\t\t\t\t\t\t\t<div class=\"elementor-widget-wrap\">\n\t\t\t\t\t\t<div class=\"elementor-element elementor-element-bad88f1 elementor-widget elementor-widget-ova_mission\" data-id=\"bad88f1\" data-element_type=\"widget\" data-widget_type=\"ova_mission.default\">\n\t\t\t\t<div class=\"elementor-widget-container\">\n\t\t\t\n\t\t<div class=\"ova_mission\">\n\t\t\t<div class=\"items\">\n\t\t\t\t\t\t\t\t\n\t\t\t\t<div class=\"content\">\n\t\t\t\t\t\t\t\t\t\t\t<h3 class=\"title\">\n\t\t\t\t\t\t\t<a class=\"second_font\" href=\"https:\/\/josipdol.hr\/informacije-i-usluge\/info\/szi\/\">\n\t\t\t\t\t\t\t\tSlu\u017ebenica za informiranje\t\t\t\t\t\t\t<\/a>\n\t\t\t\t\t\t<\/h3>\n\t\t\t\t\t\t\t\t\t\t\t\t\t\t\t\n\t\t\t\t\t\t\t\t\t\t<a href=\"https:\/\/josipdol.hr\/informacije-i-usluge\/info\/szi\/\" class=\"second_font readmore\">\n\t\t\t\t\t\tVi\u0161e....\t\t\t\t\t\t<i data-feather=\"arrow-right\"><\/i>\n\t\t\t\t\t<\/a>\n\t\t\t\t\t\t\t\t\t<\/div>\n\n\t\t\t<\/div>\n\t\t<\/div>\n\t\t\n\n\t\t\t\t<\/div>\n\t\t\t\t<\/div>\n\t\t\t\t\t\t<\/div>\n\t\t\t\t\t<\/div>\n\t\t<\/div>\n\t\t\t\t\t\t\t\t<\/div>\n\t\t\t\t\t<\/div>\n\t\t<\/section>\n\t\t\t\t\t\t<\/div>\n\t\t\t\t\t\t<\/div>\n\t\t\t\t\t<\/div>\n\t\t","protected":false},"excerpt":{"rendered":"<p>Savjetovanje s javno\u0161\u0107u Savjetovanje s javno\u0161\u0107u koje provode tijela dr\u017eavne uprave, druga dr\u017eavna tijela, jedinice lokalne i podru\u010dne (regionalne) samouprave te pravne osobe s javnim ovlastima ure\u0111eno je Zakonom o pravu na pristup informacijama (\u201cNarodne novine\u201d broj 25\/13, 85\/15).\u00a0 Savjetovanje s javno\u0161\u0107u provodi se preko internetske stranice Op\u0107ine Josipdol prilikom dono\u0161enja op\u0107ih akata odnosno drugih [&hellip;]<\/p>\n","protected":false},"author":12,"featured_media":5003,"parent":5406,"menu_order":0,"comment_status":"closed","ping_status":"closed","template":"elementor_header_footer","meta":{"footnotes":""},"_links":{"self":[{"href":"https:\/\/josipdol.hr\/stara\/wp-json\/wp\/v2\/pages\/5608"}],"collection":[{"href":"https:\/\/josipdol.hr\/stara\/wp-json\/wp\/v2\/pages"}],"about":[{"href":"https:\/\/josipdol.hr\/stara\/wp-json\/wp\/v2\/types\/page"}],"author":[{"embeddable":true,"href":"https:\/\/josipdol.hr\/stara\/wp-json\/wp\/v2\/users\/12"}],"replies":[{"embeddable":true,"href":"https:\/\/josipdol.hr\/stara\/wp-json\/wp\/v2\/comments?post=5608"}],"version-history":[{"count":28,"href":"https:\/\/josipdol.hr\/stara\/wp-json\/wp\/v2\/pages\/5608\/revisions"}],"predecessor-version":[{"id":11222,"href":"https:\/\/josipdol.hr\/stara\/wp-json\/wp\/v2\/pages\/5608\/revisions\/11222"}],"up":[{"embeddable":true,"href":"https:\/\/josipdol.hr\/stara\/wp-json\/wp\/v2\/pages\/5406"}],"wp:featuredmedia":[{"embeddable":true,"href":"https:\/\/josipdol.hr\/stara\/wp-json\/wp\/v2\/media\/5003"}],"wp:attachment":[{"href":"https:\/\/josipdol.hr\/stara\/wp-json\/wp\/v2\/media?parent=5608"}],"curies":[{"name":"wp","href":"https:\/\/api.w.org\/{rel}","templated":true}]}}