{"id":3,"date":"2020-12-05T07:32:11","date_gmt":"2020-12-05T07:32:11","guid":{"rendered":"https:\/\/josipdol.lucius.agency\/?page_id=3"},"modified":"2020-12-14T21:39:12","modified_gmt":"2020-12-14T21:39:12","slug":"uvjeti-koristenja","status":"publish","type":"page","link":"https:\/\/josipdol.hr\/stara\/uvjeti-koristenja\/","title":{"rendered":"Uvjeti kori\u0161tenja"},"content":{"rendered":"\n<h3 class=\"wp-block-heading\">IZJAVA O PRIVATNOSTI<\/h3>\n\n\n\n<hr class=\"wp-block-separator\"\/>\n\n\n\n<p>Ova pravila o privatnosti sastavljena su kako bi slu\u017eila onima koji su zabrinuti kako se njihovi osobni podaci koriste na Internetu. Osobni podaci, kako su definirani temeljem Zakona o za\u0161titi osobnih podataka, su podaci koji se mogu koristiti samostalno ili s drugim podacima za identifikaciju, kontakt ili pronala\u017eenje osobe, ili kako bi se identificiralo pojedinca. Molimo vas da pa\u017eljivo pro\u010ditate na\u0161a pravila o privatnosti kako biste jasno razumjeli kako \u0107emo prikupljati, koristiti, \u0161tititi ili na drugi na\u010din obra\u0111ivati va\u0161e osobne podatke na na\u0161oj web stranici.<\/p>\n\n\n\n<h3 class=\"wp-block-heading\">KOJE OSOBNE PODATKE SKUPLJAMO OD POSJETITELJA NA\u0160E WEB STRANICE ?<\/h3>\n\n\n\n<p>Prilikom prijave na newsletter (sustav za primanje obavijesti) pohranjujemo va\u0161u e-mail adresu i ime s kojim ste se registrirali a koje ne mora nu\u017eno odgovarati va\u0161em stvarnom imenu.<\/p>\n\n\n\n<p>Ne odgovaramo za krivo une\u0161ene podatke poput pogre\u0161ne e-mail adrese ili krivo une\u0161enog imena.<\/p>\n\n\n\n<p>Prilikom ispunjavanja OnLine zahtjeva uzimamo pohranjujemo va\u0161e osobne podatke&nbsp; poput (ime, prezime, adresa, OIB<\/p>\n\n\n\n<h3 class=\"wp-block-heading\">KADA PRIKUPLJAMO PODATKE?<\/h3>\n\n\n\n<p>Prikupljamo podatke prilikom prijave na newsletter i prilikom ispunjavanja OnLine zahtjeva<\/p>\n\n\n\n<h3 class=\"wp-block-heading\">KAKO KORISTIMO VA\u0160E PODATKE?<\/h3>\n\n\n\n<p>Va\u0161e podatke koje prikupljamo prilikom prijave na newsletter i pregleda stranica koristimo u slijede\u0107e svrhe:<\/p>\n\n\n\n<ul><li>za dostavu servisnih informacija za koje ste se pretpltili<\/li><li>za analitiku posjeta stranicama<\/li><li>za izdavanje dokumenata<\/li><\/ul>\n\n\n\n<h3 class=\"wp-block-heading\">KAKO MO\u017dETE TRA\u017dITI BRISANJE VA\u0160IH PODATAKA?<\/h3>\n\n\n\n<ul><li>na dnu primljene e-mail obavijesti postoji link za odjavu<\/li><li>po\u0161aljite e-mail poruku sa adrese kojom ste registrirani u sustav na&nbsp;<a href=\"mailto:opcina@josipdol.hr\">opcina@josipdol.hr<\/a>&nbsp;i zatra\u017eite brisanje<\/li><\/ul>\n\n\n\n<h3 class=\"wp-block-heading\">KAKO \u0160TITIMO PODATKE O POSJETITELJIMA?<\/h3>\n\n\n\n<p>Na\u0161e web stranice su redovno nadzirane kako bi izbjegli sigurnosne propuste i poznate ranjivosti sustava kako bi vas posjet bio \u0161to sigurniji.<\/p>\n\n\n\n<p>Redovno koristimo&nbsp;<em>malware scanning<\/em>&nbsp;i sukladni smo s PCI-DSS standardom.<\/p>\n\n\n\n<p>Va\u0161i osobni podaci \u010duvaju se iza osigurane mre\u017ee te su isklju\u010divo dostupni samo ograni\u010denom broju osoba koje imaju posebna prava pristupa takvim sustavima, te su du\u017eni \u010duvati informacije tajnima.<\/p>\n\n\n\n<p>Svaka va\u0161a komunikacija prema na\u0161im stranicama osigurana je naprednim SSL certifikatom sa 256 bitnom enkripcijom.<\/p>\n\n\n\n<p>Va\u0161u sigurnost konekcije mo\u017eete provjeriti na&nbsp;<a href=\"https:\/\/www.sslshopper.com\/ssl-checker.html#hostname=www.josipdol.hr\" target=\"_blank\" rel=\"noreferrer noopener\">SSL Checkeru<\/a><\/p>\n\n\n\n<h3 class=\"wp-block-heading\">KORISTIMO LI \u201cKOLA\u010cI\u0106E\u201d?<\/h3>\n\n\n\n<p>Ne. Kola\u010di\u0107i su male datoteke koje stranica ili njegov davatelj usluga prenosi na tvrdi disk va\u0161eg ra\u010dunala putem web preglednika (ukoliko mu dopustite), a koji omogu\u0107uje sustavu stranice ili pru\u017eatelju usluga prepoznavanje va\u0161eg \u200b\u200bpreglednika, te zadr\u017ee i zapamte odre\u0111ene informacije. Oni se, tako\u0111er, koriste kako bi nam pomogli u razumijevanju va\u0161ih postavki temeljenih na prethodnoj ili trenutnoj aktivnosti na stranici, \u0161to nam omogu\u0107ava pru\u017eanje vama boljih usluga. Kola\u010di\u0107e, tako\u0111er, koristimo za pomo\u0107 pri prikupljanju sveobuhvatnih podataka o prometu na stranici i interakciji, a sve kako bismo mogli ponuditi bolje korisni\u010dko iskustvo i alate u budu\u0107nosti.<\/p>\n\n\n\n<p>Napomena: Na\u0161 sustav ne dozvoljava nikakvu indentifikaciju stvarnog korisnika kori\u0161tenjem kola\u010di\u0107a.<\/p>\n\n\n\n<h3 class=\"wp-block-heading\">OBJAVA PREMA TRE\u0106IM STRANAMA<\/h3>\n\n\n\n<p>Ne prodajemo, trgujemo ili na drugi na\u010din prenosimo vanjskim stranama va\u0161e osobne podatke.<\/p>\n\n\n\n<h4 class=\"wp-block-heading\">POVEZNICE TRE\u0106IH STRANA<\/h4>\n\n\n\n<p>Povremeno, prema vlastitom naho\u0111enju, mo\u017eemo uklju\u010diti ili ponuditi informaciju ili uslugu tre\u0107e strane na na\u0161im stranicama. Stranice tre\u0107ih strana imaju odvojena i nezavisne pravila o privatnosti. Stoga nemamo odgovornost za sadr\u017eaj i aktivnosti na tim stranicama. Ipak, \u017eelimo za\u0161tititi integritet na\u0161e stranice i dobrodo\u0161le su bilo kakve povratne informacije o tim stranicama.<\/p>\n\n\n\n<p>Pristajemo na sljede\u0107e:<\/p>\n\n\n\n<ul><li>korisnici mogu posjetiti na\u0161u stranicu anonimno,<\/li><li>nakon \u0161to smo izradili pravila o privatnosti, dodat \u0107emo link na njih na na\u0161oj po\u010detnoj stranici ili na prvoj zna\u010dajnoj stranici nakon ulaska na na\u0161e web stranice,<\/li><li>na\u0161 link na Izjavu o privatnosti uklju\u010duje rije\u010d \u201cprivatnost\u201d i mo\u017ee se lako na\u0107i na gore navedenoj stranici.<\/li><\/ul>\n\n\n\n<p>Korisnici \u0107e biti obavije\u0161teni o svim promjenama politike privatnosti na na\u0161oj stranici u Izjavi o privatnosti. Korisnici mogu promijeniti svoje osobne podatke putem:<\/p>\n\n\n\n<ul><li>e-maila,<\/li><li>prijavom na vlastiti ra\u010dun,<\/li><li>razgovora s nama ili slanjem upita.<\/li><\/ul>\n\n\n\n<h4 class=\"wp-block-heading\">KAKO NA\u0160A STRANICA OBRA\u0110UJE SIGNALE KOJI SE NE SMIJU PRATITI?<\/h4>\n\n\n\n<p>Po\u0161tujemo signale koji se ne smiju pratiti i ne pratimo,ne postavljamo kola\u010di\u0107e ili koristimo za ogla\u0161avanje kada je postavljen \u201eNe Prati\u201c (DNT) mehanizam preglednika.<\/p>\n\n\n\n<h4 class=\"wp-block-heading\">DOPU\u0160TAJU LI NA\u0160E STRANICE PRA\u0106ENJE PONA\u0160ANJA TRE\u0106E STRANE?<\/h4>\n\n\n\n<p>Va\u017eno je napomenuti da dopu\u0161tamo pra\u0107enje pona\u0161anja tre\u0107e strane.<\/p>\n\n\n\n<h3 class=\"wp-block-heading\">ZA\u0160TITA OD SPAM-A<\/h3>\n\n\n\n<p>Zakon o za\u0161titi osobnih podataka i Zakon o elektroni\u010dkim komunikacijama su zakoni koji odre\u0111uju pravila za komercijalnu e-po\u0161tu, uspostavljaju zahtjeve za komercijalne poruke, daje primatelju pravo da zaustavi primanje takvih e-mailova, i navode te\u0161ke kazne za prekr\u0161aje. Mi prikupljamo va\u0161u e-mail adresu radi:<\/p>\n\n\n\n<ul><li>slanja informacija, odgovora na upite, i\/ ili bilo kakve zahtjeve ili pitanja,<\/li><li>mo\u017eda \u0107emo vam slati dodatne informacije vezane uz na\u0161e poslovanje<\/li><\/ul>\n\n\n\n<p>U skladu sa zakonskim propisima pristajemo na sljede\u0107e:<\/p>\n\n\n\n<ul><li>ne\u0107emo koristiti la\u017ene ili obmanjuju\u0107e teme ili e-mail adrese,<\/li><li>identificirati poruku kao oglas na neki prihvatljiv na\u010din,<\/li><li>uklju\u010diti fizi\u010dku adresu na\u0161ih poslovnica ili sjedi\u0161ta,<\/li><li>ispo\u0161tovati brzo zahtjeve za ne-uklju\u010divanje\/odjavu,<\/li><li>dopustiti korisnicima odjavu pomo\u0107u linka na dnu svakog e-maila koji su prijavljeni na newsletter<\/li><\/ul>\n\n\n\n<h3 class=\"wp-block-heading\">KONTAKTIRAJTE NAS<\/h3>\n\n\n\n<p>Ako postoje bilo kakva pitanja u vezi ove izjave o privatnosti mo\u017eete nam se obratiti koriste\u0107i podatke u nastavku.<\/p>\n\n\n\n<p><strong>Op\u0107ina Josipdol<\/strong> <br>Ogulinska 12, HR-47303 Josipdol<br><a href=\"mailto:opcina@josipdol.hr\">opcina@josipdol.hr<\/a><\/p>\n\n\n\n<p><strong>Zakon i propisi<\/strong><\/p>\n\n\n\n<ul><li>Ustav Republike Hrvatske (\u00bbNarodne novine\u00ab, broj 56\/90, 135\/97, 08\/98, 113\/00, 124\/00, 28\/01, 41\/01, 55\/01, 76\/10, 85\/10, 05\/14),<br>Zakon o za\u0161titi osobnih podataka (\u00bbNarodne novine\u00ab, broj 103\/03, 118\/06, 41\/08, 130\/11, 106\/12),<br>Uredba o na\u010dinu vo\u0111enja i obrascu evidencije o zbirkama osobnih podataka (\u00bbNarodne novine\u00ab, broj 105\/04),<br>Uredba o na\u010dinu pohranjivanja i posebnim mjerama tehni\u010dke za\u0161tite posebnih kategorija osobnih podataka (\u00bbNarodne novine\u00ab, broj 139\/04).<\/li><\/ul>\n\n\n\n<p><strong>Propisi EU<\/strong><\/p>\n\n\n\n<ul><li>Konvencija 108 Vije\u0107a Europe&nbsp;\u2013 Zakon o potvr\u0111ivanju konvencije za za\u0161titu osoba glede automatizirane obrade osobnih podataka i dodatnog protokola uz konvenciju (MU br. 04\/05),<br>Dodatni Protokol uz Konvenciju 108&nbsp;\u2013 Zakon o potvr\u0111ivanju izmjena i dopuna Konvencije 108 (MU br. 12\/05),<\/li><li>Uredba (EU) 2016\/679 Europskog parlamenta i Vije\u0107a od 27. travnja 2016. o za\u0161titi pojedinaca u vezi s obradom osobnih podataka,<br>Direktiva 2002\/58\/EZ Europskog parlamenta i Vije\u0107a&nbsp;\u2013 Direktiva o obradi osobnih podataka i za\u0161titi privatnosti na podru\u010dju elektroni\u010dkih komunikacija,<br>Priru\u010dnik o europskom zakonodavstvu o za\u0161titi podataka,<br>Handbook on European data protection law.<\/li><\/ul>\n","protected":false},"excerpt":{"rendered":"<p>IZJAVA O PRIVATNOSTI Ova pravila o privatnosti sastavljena su kako bi slu\u017eila onima koji su zabrinuti kako se njihovi osobni podaci koriste na Internetu. Osobni podaci, kako su definirani temeljem Zakona o za\u0161titi osobnih podataka, su podaci koji se mogu koristiti samostalno ili s drugim podacima za identifikaciju, kontakt ili pronala\u017eenje osobe, ili kako bi [&hellip;]<\/p>\n","protected":false},"author":12,"featured_media":0,"parent":0,"menu_order":0,"comment_status":"closed","ping_status":"closed","template":"","meta":{"footnotes":""},"_links":{"self":[{"href":"https:\/\/josipdol.hr\/stara\/wp-json\/wp\/v2\/pages\/3"}],"collection":[{"href":"https:\/\/josipdol.hr\/stara\/wp-json\/wp\/v2\/pages"}],"about":[{"href":"https:\/\/josipdol.hr\/stara\/wp-json\/wp\/v2\/types\/page"}],"author":[{"embeddable":true,"href":"https:\/\/josipdol.hr\/stara\/wp-json\/wp\/v2\/users\/12"}],"replies":[{"embeddable":true,"href":"https:\/\/josipdol.hr\/stara\/wp-json\/wp\/v2\/comments?post=3"}],"version-history":[{"count":3,"href":"https:\/\/josipdol.hr\/stara\/wp-json\/wp\/v2\/pages\/3\/revisions"}],"predecessor-version":[{"id":3467,"href":"https:\/\/josipdol.hr\/stara\/wp-json\/wp\/v2\/pages\/3\/revisions\/3467"}],"wp:attachment":[{"href":"https:\/\/josipdol.hr\/stara\/wp-json\/wp\/v2\/media?parent=3"}],"curies":[{"name":"wp","href":"https:\/\/api.w.org\/{rel}","templated":true}]}}